+ (0 - 4)
0
What is 9 + 1 + 18 + -31 - (-20 - 6)?
23
What is the value of 3 + 8 + (-8 + 16 - (11 - 0))?
8
What is the value of (-4 - (5 - (3 - -2))) + -10?
-14
What is (-11 - -7) + -5 + (3 - 1) + -2?
-9
Calculate 7 + -1 + -3 + -14 + 3.
-8
What is the value of (97 + -87 - 0) + (1 - 1) + 12?
22
Calculate 14 + (-1 + 3 - (3 - (10 - 10))).
13
Calculate -7 + 8 + (-5 - 1) + (1 - -16).
12
What is the value of -4 - (16 + (-15 - -8) + 1)?
-14
Evaluate -1 + (11 - (-8 - -16 - 2)).
4
6 + -6 + 4 + -1 + (20 - 9)
14
-2 + (70 + -63 - (1 - (0 + 2)))
6
What is the value of 0 + 0 + 5 + -6 + 3 - -2?
4
Evaluate 18 + (-2 + 7 - ((6 - 17) + 15)).
19
Evaluate (-14 + 78 - 32) + 0 + -12.
20
Calculate ((-2 - -5) + (-2 - 3) - -4) + -2.
0
Evaluate (-3 - 5) + 10 - 8.
-6
Calculate 47 + -21 + 9 + -24.
11
What is the value of -11 + (-17 - -4) + 11 + 7?
-6
Evaluate -10 + 4 + -17 - 2 - -11.
-14
What is the value of -295 - -311 - (7 + 2 + -4 - -2)?
9
8 + -14 + (-7 + 0 - (-3 - -1))
-11
Evaluate 51 + -8 + -25 + 1.
19
What is (1 + 2 - 21) + 0 + -10?
-28
Calculate -4 - (-1 - -7 - 0 - 1).
-9
-5 - (-2 - (3 - (9 + -9)))
0
Calculate 42 - (-4 + (7 - -7) + 4).
28
Calculate -14 - -18 - (13 + -18 - -12).
-3
What is -25 + (-3 + (4 - 0) - (-57 - -50))?
-17
Evaluate (5 - (-6 + -2)) + -10 + -4.
-1
Calculate (-36 - -31) + 0 + 0 - -6 - 16.
-15
Evaluate -36 + 50 - (10 + -19).
23
Calculate -5 + (6 + -8 - (5 + -12)).
0
Evaluate (14 - 65) + 67 + -1 + -19.
-4
9 - (18 + 20) - -37
8
What is 34 + (-45 - (20 - 42))?
11
What is (-1 - -12) + (22 - 35)?
-2
What is 1 - (14 + (2 - 5))?
-10
Evaluate (61 - 64 - (0 - -1)) + 4.
0
What is the value of (158 - 143) + -2 + -18?
-5
Calculate -28 + -1 + (777 - 756).
-8
What is the value of 19 + 41 + -13 + -20?
27
Evaluate 9 + (-60 + 63 - (2 - -6)).
4
What is the value of (1 - -1) + 7 + -32 + 30?
7
Evaluate -36 - (-21 - -5 - -2).
-22
5 + 17 - (35 + -19)
6
What is the value of -3 + -5 + 9 + -5?
-4
Calculate -23 - ((-11 - -1) + 11 - (3 - 0)).
-21
What is the value of 11 + -34 + (-1 - (-5 + 6 + -2))?
-23
Calculate -6 + 41 - (34 + -16).
17
What is the value of -2 + 2 + (-17 - (12 + (1 - 15)))?
-15
-1 - -7 - 1 - (4 + (-26 - -26))
1
What is the value of -10 + (-1 - (13 + -5 + 3 + -12))?
-10
What is 16 + -2 + 4 + -5?
13
What is 18 - 27 - (-6 + 18) - -5?
-16
Evaluate -25 + 38 + -25 - (1 - 7) - -24.
18
Calculate -28 + -21 + 20 + 17.
-12
Calculate -3 + (-3 - (-4 - -5)).
-7
Calculate (0 - 1) + (-31 - -24) + 18.
10
What is the value of 7 + -1 + 1 - 3?
4
Calculate -6 + -2 + 13 + -5 - 1.
-1
9 - 1 - (-23 - -9) - 3
19
What is the value of 40 + -21 + -23 + 7?
3
Evaluate 0 - (0 + -13 - -6) - (1 + 1).
5
What is -4 - (8 + -20 + -1)?
9
What is 1 + -4 + -3 - (9 + 2 + -36)?
19
Evaluate (-86 - -61) + -3 + (15 - 3).
-16
Evaluate (4 - (0 + -1)) + 1 + 1 + 0.
7
What is the value of (67 + -27 - 32) + (0 - -11)?
19
What is the value of -32 + (-33 - -69) + 16?
20
Evaluate 10 + 7 + -25 + 32.
24
Calculate -390 + 355 - (0 + 2 + -3).
-34
Calculate -14 + 4 + 5 + (7 - (-4 + 2)).
4
Evaluate 48 - (20 - -18) - -12.
22
What is 10 + (-7 + -6 - 7 - -4) - -25?
19
What is the value of 9 - (5 + (6 + -7 - -14))?
-9
-9 + 30 - (-2 + (7 - -1) - 2)
17
What is 6 - (8 - -1) - (3 - 8 - 3)?
5
What is the value of -72 + 88 - (-3 + 1 + 3 + 1)?
14
Evaluate -23 - (-2 + -5 - (34 + -17 - 25)).
-24
What is 39 - (40 - (-8 - -6))?
-3
Evaluate -1 + 22 - (181 + -151).
-9
Evaluate 10 + (8 - (22 + -19)).
15
22 + (-1 - 35) + 28
14
What is the value of -6 + -5 + (-8 - -9) + 15?
5
Calculate -1 + (-6 + 18 + -16 - (1 - 20)).
14
19 + -66 + 24 - -8
-15
What is 45 - ((11 - 5) + 7) - 5?
27
What is 1 + 0 - (5 + 0 + 5 + -2)?
-7
Evaluate -29 + -5 + 42 - -29.
37
Evaluate -4 - (12 - ((-10 + 27 - -6) + 1)).
8
Calculate 20 + (24 - 26 - -8).
26
Evaluate 20 - (-3 - (-5 + -8)).
10
Calculate (-12 - -28) + (4 - 4).
16
What is 11 + -11 + 6 - 17?
-11
(37 - 16 - -1) + -5 + -2 + 7
22
Calculate 13 - (-5 + 21) - 12.
-15
What is the value of (0 - -8) + (-86 - -75)?
-3
Calculate 2 - 28 - (13 - 38).
-1
What is the value of 36 - 1 - ((7 - -17) + (-30 - -8))?
33
(-132 - -100) + 9 + 26
3
0 - (2 + 1) - (43 + -50)
4
What is 2 + -143 + 135 + (2 - -12)?
8
Evaluate (-2 - (7 + -13)) + 2.
6
Calculate 0 + -1 + -5 + (-9 - 16) + 18.
-13
(-9 - (2 - (10 + 3))) + (2 - -1)
5
Calculate 10 - (-3 + 7 + -5 + -3 - -5).
9
What is the value of -4 - ((-5 - (5 + -1)) + 5 + -1)?
1
-1 + 19 - (-426 - -454)
-10
Calculate (237 - 232 - (-1 - -3)) + 35.
38
What is -12 - (-2 + 5 + (3 - 5) + -2)?
-11
Calculate 4 + -24 + (50 - 37) - (1 - 12).
4
Evaluate -17 - -3 - (209 - 237).
14
What is 5 + -1 - (192 + -210 + (1 - -11))?
10
What is the value of -24 + 1 - (7 + (-20 - -3))?
-13
Evaluate -3 - 4 - (-27 - (-17 - 6)).
-3
Evaluate (-28 - -2) + (9 - (-17 + 17)).
-17
3 + -6 + -4 - ((5 - -36) + -51)
3
What is the value of 7 - (-3 + 1 + 2) - (16 - 7)?
-2
What is (3 - (7 - 0)) + -1 + (-5 - -2)?
-8
What is ((9 - 10) + -9 - -7) + 13?
10
What is the value of 4 + -7 + -12 + 7?
-8
Calculate (-44 + 13 - 1) + 8.
-24
Calculate (4 - -5 - 3) + -50 + 57.
13
What is the value of -3 + -16 + 28 + -6?
3
What is (359 - 377) + -2 + (-5 - 5)?
-30
Evaluate 83 + -69 + -1 + -11.
2
Evaluate (0 - 5) + (3 - (6 - 12) - 36).
-32
Calculate 66 - 47 - (31 - -5).
-17
Evaluate (0 - (9 + -17 + 7 - -10)) + 4.
-5
What is the value of 23 - (-16 + 15 + 19)?
5
Evaluate -33 + 16 - -26 - (-3 + 2 - 19).
29
What is the value of -37 + 9 + 12 + 2 - -11?
-3
216 + -195 - (-1 + 29)
-7
16 + (27 - 9) + -28
6
What is 23 - 2 - (-87 - -95)?
13
Calculate 5 + 14 + (-6 - -15 - 9).
19
What is 20 + (-61 - (-14 + -17))?
-10
What is the value of (-77 - -24) + 49 + (0 - 19)?
-23
Evaluate -1 - -41 - (-16 + 62).
-6
-2 + -5 + (-23 - 13 - -21)
-22
What is the value of 13 + (3 - 9) + -7 + 24?
24
What is -102 + 111 + (1 - 12)?
-2
What is (28 - 33) + (-1 - 9) + (-3 - -6)?
-12
Evaluate -11 + (13 - -2 - 5) - -27.
26
What is the value of (11 - 7 - -5) + (-26 - -7) - 11?
-21
(4 - 24) + 15 + -3
-8
What is the value of 2 - 1 - 1 - (190 + -203)?
13
Calculate 1 + (-13 - (-14 - -3)).
-1
(-254 - -273) + -3 + -2 + 1
15
Calculate (3 - -16) + -14 - -8 - 8.
5
Evaluate 0 - -5 - 4 - -10.
11
Evaluate (23 - (-5 - 3)) + (-15 - (-17 + 1)).
32
What is 12 - 3 - (-5 + 2 + 8)?
4
Calculate -6 + 2 + (13 - 8).
1
Evaluate 3 + (-5 - -11 - 4) - 2.
3
What is 4 - (4 + (8 - 10 - (9 + 2)))?
13
(-1 - -10) + -11 + 15
13
What is (9 - (4 + 0) - 12) + (24 - 10)?
7
Evaluate 48 - (18 + 10) - 41.
-21
What is the value of 15 - (1 - -2) - (14 + -13)?
11
(0 - 1 - -2 - (-12 - 0)) + 0
13
Evaluate 1 + (1 + -15 - -22 - 28).
-19
Evaluate (-5 - -4) + (-24 - -35).
10
What is (11 - 28) + 13 + -2 + (3 - -4)?
1
What is the value of (2 + 2 + 4 - 4) + 1 + -6?
-1
Evaluate -44 - -47 - -15 - -9.
27
What is the value of (-2 - -3) + 1 + 21 - (1158 + -1155)?
20
Calculate -5 - (-4 - (5 - (20 + -9))).
-7
What is -4 - 9 - -18 - 14?
-9
Evaluate (8 - 1) + 3 + -2 + -6.
2
What is 4 + -1 + 13 + (6 + -4 - 7)?
11
What is 16 - (6 - 0 - (3 - -1))?
14
What is -18 - -32 - (-11 - 2)?
27
What is -1 + -3 - 7 - (-23 - (6 - 8))?
10
What is the value of (17 - (6 - -2)) + 2 + -12?
-1
What is the value of 7 + -1 - (59 - 68)?
15
Evaluate (10 - (8 - -11)) + 7 + -1 + 14.
11
What is -6 + 16 + 20 + 18 + -30?
18
What is 4 + 10 - (-6 - -32)?
-12
5 + (2 - 7 - 0)
0
Calculate (-9 - -6 - -8) + 4.
9
(-13 + 3 - -11) + 0 - 1
0
What is the value of -34 - (2 - (-5 - -30))?
-11
Calculate 2 + 25 - (33 - 26 - -4).
16
Evaluate (31 - (40 - 5)) + 33.
29
9 - (5 + -2) - (3 - 1)
4
4 - 13 - -1 - (6 - 3 - 5)
-6
What is 2 - (42 + -52) - (-1 + 0 - 0)?
13
9 + 9 + -8 + 0 + -9 - 32
-31
33 + -11 + (-4 - (-7 - -2))
23
What is 17 + 13 + -27 + 6?
9
Calculate (-22 - (32 - 10)) + 13.
-31
What is -11 - -30 - (6 + -2) - (-16 - -19)?
12
Calculate -5 + 8 + (1 - -6) + 0 + -30.
-20
12 - ((-19 - 4) + 16)
19
Calculate (21 - 8) + 1 + 1 + 3.
18
What is (17 + -12 - 12) + -2 + -3?
-12
Evaluate (34 - 34) + (-1 - -3 - (5 - 1)).
-2
Calculate 0 + (-1 - 6) + (-10 - -4).
-13
What is the value of 0 - (-12 + 1 - -1) - (1153 + -1150)?
7
Evaluate -4 - (-5 + 4 + 17 + (5 - 6)).
-19
Calculate -1 + 9 + (-1 - (-9 - -16) - -4).
4
What is 1 - 18 - 1 - (1271 - 1281)?
-8
What is the value of 5 + -2 + (-1 - -1) - (-126 - -132)?
-3
What is 0 - (11 - (16 - 2 - 2))?
1
-402 + 391 + (-2 - (-34 - -1)) - -1
21
Evaluate 1 - -1 - (-7 -